{"id":16,"date":"2012-07-11T14:36:14","date_gmt":"2012-07-11T14:36:14","guid":{"rendered":"http:\/\/langzeitmiete-leasing.de\/leasinguebernahme\/?page_id=16"},"modified":"2013-06-10T18:55:55","modified_gmt":"2013-06-10T16:55:55","slug":"ablauf","status":"publish","type":"page","link":"https:\/\/langzeitmiete-leasing.de\/leasinguebernahme\/ablauf\/","title":{"rendered":"Ablauf"},"content":{"rendered":"<p>car-bizz stellt Ihnen das Portal zur erfolgreichen \u00dcbernahme eines Leasingvertrags zur Verf\u00fcgung!<\/p>\n<p>F\u00fcr Einsteller:<\/p>\n<ul>\n<li>\u00fcbermitteln Sie uns die Details Ihres zu \u00fcberschreibenden Leasingvertrags<\/li>\n<li>wir stellen Ihr Fahrzeug online \u00a0ohne Ihre Identit\u00e4t preis zu geben<\/li>\n<li>meldet sich ein Interessent, so \u00a0leiten wir die entsprechende Email an Sie weiter<\/li>\n<li>viel Erfolg!<\/li>\n<\/ul>\n<p><span style=\"font-size: 14px; line-height: 23px;\">F\u00fcr Interessierte:<\/span><\/p>\n<ul>\n<li>Sie haben Ihren Wunsch Leasingvertrag gefunden<\/li>\n<li>Senden Sie uns eine Email, die wir zum Anbieter weiter leiten<\/li>\n<li>Sind Sie sich mit ihm \u00a0einig geworden, schl\u00e4gt er Sie bei der Leasinggesellschaft als Nachfolger vor.<\/li>\n<li>Passt die Bonit\u00e4t fallen je nach Gesellschaft zwischen 350 und 600 EUR Umschreibungsgeb\u00fchr an!<\/li>\n<li>Kommt der Leasingvertrag zustande, sendet Ihnen die LG den Brief zur Zulassungstelle zu, um die Ummeldung einzuleiten.<\/li>\n<\/ul>\n<p><strong>WICHTIG!<\/strong><\/p>\n<p>Zur \u00dcbernahme lohnt es sich ein Kurzgutachten in Auftrag zu geben, damit zwischen den Parteien Klarheit besteht, welche Sch\u00e4den oder Gebrauchsspuren mit \u00fcbernommen werden. Diese m\u00fcssen entfernt werden oder es mu\u00df ein finanzieller Ausgleich geschaffen werden, da der \u00dcbernehmer diese Sch\u00e4den ja acu bei der endg\u00fcltigen Abgabe zu verantowrten hat!!<\/p>\n","protected":false},"excerpt":{"rendered":"<p>car-bizz stellt Ihnen das Portal zur erfolgreichen \u00dcbernahme eines Leasingvertrags zur Verf\u00fcgung! F\u00fcr Einsteller: \u00fcbermitteln Sie uns die Details Ihres zu \u00fcberschreibenden Leasingvertrags wir stellen Ihr Fahrzeug online \u00a0ohne Ihre Identit\u00e4t preis zu geben meldet sich ein Interessent, so \u00a0leiten wir die entsprechende Email an Sie weiter viel Erfolg! F\u00fcr Interessierte: Sie haben Ihren Wunsch [&hellip;]<\/p>\n","protected":false},"author":1,"featured_media":0,"parent":0,"menu_order":0,"comment_status":"closed","ping_status":"open","template":"","meta":{"footnotes":""},"_links":{"self":[{"href":"https:\/\/langzeitmiete-leasing.de\/leasinguebernahme\/wp-json\/wp\/v2\/pages\/16"}],"collection":[{"href":"https:\/\/langzeitmiete-leasing.de\/leasinguebernahme\/wp-json\/wp\/v2\/pages"}],"about":[{"href":"https:\/\/langzeitmiete-leasing.de\/leasinguebernahme\/wp-json\/wp\/v2\/types\/page"}],"author":[{"embeddable":true,"href":"https:\/\/langzeitmiete-leasing.de\/leasinguebernahme\/wp-json\/wp\/v2\/users\/1"}],"replies":[{"embeddable":true,"href":"https:\/\/langzeitmiete-leasing.de\/leasinguebernahme\/wp-json\/wp\/v2\/comments?post=16"}],"version-history":[{"count":2,"href":"https:\/\/langzeitmiete-leasing.de\/leasinguebernahme\/wp-json\/wp\/v2\/pages\/16\/revisions"}],"predecessor-version":[{"id":294,"href":"https:\/\/langzeitmiete-leasing.de\/leasinguebernahme\/wp-json\/wp\/v2\/pages\/16\/revisions\/294"}],"wp:attachment":[{"href":"https:\/\/langzeitmiete-leasing.de\/leasinguebernahme\/wp-json\/wp\/v2\/media?parent=16"}],"curies":[{"name":"wp","href":"https:\/\/api.w.org\/{rel}","templated":true}]}}