{"id":24,"date":"2012-07-11T14:51:24","date_gmt":"2012-07-11T14:51:24","guid":{"rendered":"http:\/\/langzeitmiete-leasing.de\/leasinguebernahme\/?page_id=24"},"modified":"2012-07-11T14:51:24","modified_gmt":"2012-07-11T14:51:24","slug":"vor-und-nachteile","status":"publish","type":"page","link":"https:\/\/langzeitmiete-leasing.de\/leasinguebernahme\/vor-und-nachteile\/","title":{"rendered":"Vor- und Nachteile"},"content":{"rendered":"<p>Vorteil:<\/p>\n<ul>\n<li>k\u00fcrzere Laufzeit<\/li>\n<\/ul>\n<p>Nachteil:<\/p>\n<ul>\n<li>je k\u00fcrzer die Laufzeit, desto weniger Garantiezeit<\/li>\n<li>je h\u00f6her die Kilometerlaufleistung, je h\u00f6her Aufwendungen f\u00fcr Verschlei\u00df<\/li>\n<\/ul>\n","protected":false},"excerpt":{"rendered":"<p>Vorteil: k\u00fcrzere Laufzeit Nachteil: je k\u00fcrzer die Laufzeit, desto weniger Garantiezeit je h\u00f6her die Kilometerlaufleistung, je h\u00f6her Aufwendungen f\u00fcr Verschlei\u00df<\/p>\n","protected":false},"author":1,"featured_media":0,"parent":0,"menu_order":0,"comment_status":"closed","ping_status":"open","template":"","meta":{"footnotes":""},"_links":{"self":[{"href":"https:\/\/langzeitmiete-leasing.de\/leasinguebernahme\/wp-json\/wp\/v2\/pages\/24"}],"collection":[{"href":"https:\/\/langzeitmiete-leasing.de\/leasinguebernahme\/wp-json\/wp\/v2\/pages"}],"about":[{"href":"https:\/\/langzeitmiete-leasing.de\/leasinguebernahme\/wp-json\/wp\/v2\/types\/page"}],"author":[{"embeddable":true,"href":"https:\/\/langzeitmiete-leasing.de\/leasinguebernahme\/wp-json\/wp\/v2\/users\/1"}],"replies":[{"embeddable":true,"href":"https:\/\/langzeitmiete-leasing.de\/leasinguebernahme\/wp-json\/wp\/v2\/comments?post=24"}],"version-history":[{"count":1,"href":"https:\/\/langzeitmiete-leasing.de\/leasinguebernahme\/wp-json\/wp\/v2\/pages\/24\/revisions"}],"predecessor-version":[{"id":25,"href":"https:\/\/langzeitmiete-leasing.de\/leasinguebernahme\/wp-json\/wp\/v2\/pages\/24\/revisions\/25"}],"wp:attachment":[{"href":"https:\/\/langzeitmiete-leasing.de\/leasinguebernahme\/wp-json\/wp\/v2\/media?parent=24"}],"curies":[{"name":"wp","href":"https:\/\/api.w.org\/{rel}","templated":true}]}}